et j(p) = 2*p**2 + 100*p - 5. Calculate j(-50).
-5
Let x(p) = -11*p**3 + 3*p**2 - p - 1. What is x(1)?
-10
Let u(m) = m - 9. Calculate u(0).
-9
Let y(a) = a**2 - 9*a - 18. Determine y(12).
18
Let b(n) = n**3 + 2*n**2 + 2*n - 7. Determine b(0).
-7
Let f(m) = m - 6. Determine f(5).
-1
Let p(r) = 11*r + 13. Calculate p(-2).
-9
Let b(i) = -26*i. Determine b(-2).
52
Let b(i) = -2*i + 23. Determine b(6).
11
Let c(b) = 2*b**3 - 5*b**2 + 5*b - 2. Calculate c(3).
22
Let z(v) = -7*v**3 + 11*v**2 + v. What is z(2)?
-10
Let b(u) = -u**2 + 21*u - 25. Calculate b(18).
29
Let l(y) = -y**2 - 19*y - 90. Calculate l(-11).
-2
Let t(r) = 11*r + 7. Determine t(0).
7
Let g(p) = -p**3 + 2*p - 1. What is g(1)?
0
Let y(i) = 2*i**3 + 4*i**2 + 4*i + 4. Calculate y(-2).
-4
Let v(f) = -2*f**2 + 4*f - 2. Calculate v(3).
-8
Let y(j) = 4*j**3 + 16*j**2 + 4. Calculate y(-4).
4
Let m(y) = -y**3 - 7*y**2 - 8*y - 5. What is m(-6)?
7
Let h(c) = -c**3 - 9*c**2 - 9*c + 2. What is h(-8)?
10
Let r(n) = n**3 + 7*n**2 + 4*n + 15. Determine r(-5).
45
Let z(n) = n**3 + 11*n**2 + 10*n - 26. Give z(-10).
-26
Let j(k) = 3*k**2 - 8*k + 7. What is j(1)?
2
Let y(c) = -c**3 + 11*c**2 - 1. Give y(11).
-1
Let i(n) = 9*n**3 + 4*n + 1. Give i(2).
81
Let p(g) = -21*g + 72. Give p(3).
9
Let w(f) = f**2 + f - 42. Determine w(-7).
0
Let s(l) = 5*l**2 - 8*l + 8. Give s(1).
5
Let q(l) = -34*l**3 - l - 2. Determine q(-1).
33
Let c(f) = -29*f - 17. Determine c(-2).
41
Let z(r) = -r**2 + 5*r + 16. Determine z(8).
-8
Let m(y) = 2*y**3 - 7*y**2 + y - 6. Calculate m(5).
74
Let h(r) = -10*r**2 + r - 2. Calculate h(1).
-11
Let z(b) = b**3 - 7*b**2 + 8*b - 5. Calculate z(6).
7
Let y(b) = 4*b**2 + 28*b - 26. What is y(-8)?
6
Let u(b) = b**2 - 7*b + 8. What is u(4)?
-4
Let j(f) = f**3 - 17*f**2 + 12*f + 5. Determine j(16).
-59
Let l(g) = -g**2 - 4*g + 3. Determine l(1).
-2
Let l(x) = -6*x**2 - 19*x + 3. Give l(-4).
-17
Let x(w) = w**3 + 6*w**2 + 2*w - 6. Determine x(-6).
-18
Let t(r) = 7*r - 9. Give t(2).
5
Let r(d) = d + 13. Determine r(-9).
4
Let q(w) = -7*w + 4. What is q(-5)?
39
Let m(c) = 2*c + 10. What is m(-9)?
-8
Let l(u) = 2*u + 6. What is l(-7)?
-8
Let o(x) = 2*x - 3. What is o(-3)?
-9
Let f(y) = -9*y**2 - 3*y - 2. Calculate f(-1).
-8
Let p(i) = i - 11. Determine p(6).
-5
Let n(h) = -18*h + 19. Calculate n(-8).
163
Let i(f) = 4*f**2 - 2*f - 1. Determine i(-2).
19
Let o(j) = j - 5. What is o(4)?
-1
Let g(f) = 14*f**2 + 7*f + 9. Determine g(-1).
16
Let f(y) = -8*y + 10. Give f(6).
-38
Let c(d) = d + 7. Determine c(8).
15
Let h(u) = 6*u**2 - 1. Determine h(1).
5
Let f(i) = -20*i + 2. Calculate f(2).
-38
Let l(v) = -v**2 + 3*v - 1. Calculate l(5).
-11
Let o(v) = -v**3 - 3*v**2 + 5*v + 2. Give o(-4).
-2
Let m(i) = 2*i**2 + 6*i - 4. What is m(-5)?
16
Let z(m) = m**2 + 14*m + 33. Determine z(-10).
-7
Let u(i) = -i**3 + 7*i**2 + i + 2. What is u(7)?
9
Let r(v) = v**3 - 6*v**2 + 7*v - 4. Calculate r(5).
6
Let t(n) = -n**2 + 6*n + 5. Calculate t(8).
-11
Let q(z) = z**2 - 5*z - 9. Calculate q(-6).
57
Let v(w) = w**2 + 2*w - 16. What is v(3)?
-1
Let f(h) = 5*h - 7. Calculate f(3).
8
Let n(x) = x**3 - 5*x**2 + x + 3. Calculate n(2).
-7
Let l(h) = h**3 + h**2 - 21*h - 12. Calculate l(-5).
-7
Let h(w) = -3*w + 12. Give h(-5).
27
Let z(r) = -r**2 + 3*r + 2. Give z(5).
-8
Let z(d) = d**3 - 7*d**2 + 7*d - 4. Determine z(6).
2
Let i(m) = 2*m + 25. Calculate i(-11).
3
Let h(d) = d. What is h(16)?
16
Let x(z) = -18*z - 5. What is x(-3)?
49
Let a(n) = n**3 + 5*n**2 + n + 6. Determine a(-5).
1
Let j(k) = -23*k. Give j(-2).
46
Let j(l) = 10*l**2 + l + 1. Determine j(-1).
10
Let y(d) = -2*d - 2. Give y(5).
-12
Let g(v) = v**3 - 5*v**2 - 7*v + 9. What is g(6)?
3
Let i(c) = c**3 + 38*c**2 - 44*c - 203. What is i(-39)?
-8
Let j(v) = -8*v + 69. What is j(9)?
-3
Let t(o) = o**3 + 2*o**2 - o - 1. Give t(-3).
-7
Let z(r) = -6*r**2 - 2*r - 2. Give z(-1).
-6
Let c(o) = 2*o - 4. Give c(-4).
-12
Let x(t) = -t**2 + 2*t + 6. What is x(-4)?
-18
Let h(g) = -g**2 - 14*g - 21. Determine h(-12).
3
Let r(g) = g**3 + 5*g**2 - 6*g + 8. Give r(-6).
8
Let t(k) = -k**2 - 11*k - 4. Calculate t(-10).
6
Let j(p) = 8*p + 55. What is j(-7)?
-1
Let i(k) = -2*k**3 - 10*k**2 + 3*k - 7. Calculate i(-3).
-52
Let n(o) = -o**2 - 7. Calculate n(7).
-56
Let c(g) = -g**2 - 8*g - 15. What is c(-7)?
-8
Let r(k) = -k**3 + 12*k**2 + 11*k - 5. What is r(13)?
-31
Let a(g) = -g**2 + 8*g - 9. Calculate a(6).
3
Let u(p) = p**3 - 14*p**2 - 15*p + 9. Calculate u(15).
9
Let i(a) = 2*a**3 + a**2 + 2*a - 10. Calculate i(2).
14
Let q(t) = t + 2. What is q(4)?
6
Let u(o) = 3*o - 2. What is u(2)?
4
Let u(x) = -3*x - 10. Determine u(0).
-10
Let s(w) = -w**3 - 6*w**2 - 8*w - 16. Determine s(-7).
89
Let n(y) = 4*y - 17. Calculate n(6).
7
Let b(i) = 5*i - 31. Calculate b(3).
-16
Let v(o) = o**3 + 11*o**2 + 14*o - 23. Determine v(-3).
7
Let f(c) = -2*c**3 - 3*c**2 + 4*c + 4. Determine f(4).
-156
Let r(n) = 2*n + 30. Determine r(-11).
8
Let z(g) = 5*g + 55. What is z(7)?
90
Let k(x) = -x**3 + 10*x**2 - 10*x + 15. Calculate k(9).
6
Let c(f) = 2*f**2 - 33*f - 20. Give c(17).
-3
Let n(w) = -w**2 - 50*w - 534. What is n(-35)?
-9
Let i(n) = n**2 - 9*n - 7. Calculate i(9).
-7
Let t(z) = -5*z - 32. Give t(-14).
38
Let t(v) = v**3 + v**2 + 22. What is t(0)?
22
Let o(f) = 2*f. What is o(0)?
0
Let b(w) = w**3 + 7*w**2 + 6*w + 25. Calculate b(-5).
45
Let p(w) = 22*w - 91. What is p(4)?
-3
Let m(i) = -i**3 - 7*i**2 + 9*i + 11. Calculate m(-8).
3
Let w(u) = -42*u**2 - 5*u - 3. Determine w(-1).
-40
Let h(f) = -13*f - 61. What is h(-5)?
4
Let o(z) = -2*z**2 - 4. Give o(3).
-22
Let g(d) = d**2 - 9*d - 69. What is g(14)?
1
Let k(h) = -h**3 - 6*h**2 - 19*h - 95. Give k(-6).
19
Let m(o) = 3*o**3 + 61*o**2 + 20*o - 16. What is m(-20)?
-16
Let b(v) = 2*v**2 - 16*v - 2. Calculate b(8).
-2
Let j(s) = -10*s + 66. Give j(5).
16
Let g(h) = -3*h**2 - 7*h + 27. Determine g(6).
-123
Let n(h) = h**2 - 15*h - 43. What is n(15)?
-43
Let y(z) = 2*z**2 + 22*z - 73. Calculate y(-14).
11
Let d(k) = -2*k**2 + 8*k + 6. Calculate d(7).
-36
Let m(a) = -a**3 - 10*a**2 + 18*a + 83. Calculate m(-11).
6
Let i(b) = b**2 - 11*b - 6. Give i(7).
-34
Let n(j) = -50*j + 293. What is n(6)?
-7
Let m(d) = d + 4. Give m(3).
7
Let g(v) = -2*v - 39. What is g(-8)?
-23
Let r(m) = -m**2 - 6*m + 6. What is r(-6)?
6
Let h(i) = -i**2 + 26*i - 32. Determine h(22).
56
Let v(w) = 80*w + 13. Give v(-1).
-67
Let h(i) = 6*i**3 - i**2 + 6*i + 5. Give h(-1).
-8
Let v(w) = w**2 + 4*w - 19. Give v(-6).
-7
Let j(u) = 38*u - 1. Give j(1).
37
Let a(d) = d**2 - 8*d + 13. Determine a(8).
13
Let d(i) = -5*i**2 + i - 7. What is d(-5)?
-137
Let b(g) = -3*g + 26. Calculate b(18).
-28
Let d(i) = -i**3 + 2*i - 1. What is d(2)?
-5
Let b(z) = -z**3 + 15*z**2 - 35*z - 17. What is b(12)?
-5
Let t(r) = -9*r - 10. Give t(-9).
71
Let z(y) = -2*y**2 + y + 25. Give z(-3).
4
Let r(c) = c**2 + 19*c - 43. What is r(-21)?
-1
Let c(u) = u**3 + 19*u**2 + 15*u - 58. Calculate c(-18).
-4
Let m(t) = t + 17. Determine m(-19).
-2
Let o(w) = 2*w**2 - 9*w + 2. Give o(6).
20
Let g(b) = 2*b**2 + 4*b - 3. Calculate g(-3).
3
Let u(y) = -37*y - 84. What is u(-3)?
27
Let b(s) = -s**2 - 9*s. Give b(-9).
0
Let z(c) = c + 40. Calculate z(4).
44
Let i(j) = 3*j - 11. Determine i(-2).
-17
Let p(l) = 2*l + 21. Calculate p(-10).
1
Let n(g) = g**2 - 30*g - 566. What is n(-13)?
-7
Let c(n) = 11*n + 108. What is c(-9)?
9
Let h(c) = -c**2 - 6*c - 3. Determine h(-2).
5
Let g(r) = -r**2 + 16*r. Calculate g(7).
63
Let b(t) = 7*t**2 - 177*t + 61. What is b(25)?
11
Let r(i) = 16*i + 397. Determine r(-25).
-3
Let i(u) = 5*u - 26. What is i(6)?
4
Let t(o) = o**3 - 2*o**2 + 2*o - 3. Determine t(2).
1
Let y(q) = -14*q**2 + q. Determine y(-1).
-15
Let q(a) = a**3 + 5*a**2 - a + 19. Give q(-6).
-11
Let h(k) = 4*k**2 + 46*k + 21. Calculate h(-11).
-1
Let p(v) = 2*v**2 + 75*v - 127. Determine p(-39).
-10
Let h(c) = 5*c**2 + 5*c + 2. Calculate h(-3).
32
Let f(d) = -d + 8. Calculate f(-8).
16
Let i(p) = 32*p + 9. Determine i(-3).
-87
Let g(s) = -s**2 - 5*s - 1. Calculate g(0).
-1
Let g(r) = -r + 37. What is g(39)?
-2
Let t(l) = 3*l**2 + 6*l - 29. Calculate t(-4).
-5
Let i(c) = c**2 + 5*c + 1. What is i(-3)?
-5
Let k(p) = -3*p + 3. Calculate k(-8).
27
Let l(x) = -43*x**2 - 5*x + 4. Calculate l(1).
-44
Let m(a) = -13*a + 